 = -k + 10. Calculate the remainder when ((k - 2)/2)/((-25)/400) is divided by 14.
2
Let x(u) = -u - 8. Let v(j) = -2*j. Let y(h) = 5*v(h) - x(h). Calculate the remainder when y(-4) is divided by 28.
16
Let g = -3662 - -3690. What is the remainder when 215 is divided by g?
19
Let x = -99 - -119. Suppose -2*j - r + 13 + x = 0, 0 = 2*j - 2*r - 36. Calculate the remainder when 59 is divided by j.
8
Let n = 59 - 50. What is the remainder when 6/(15*n/720) is divided by 5?
2
Suppose 2*z - y = -2*z + 36, 4*z - 4*y - 48 = 0. Let w be (-33)/(-44) + (-6)/z. Suppose 3*b - 8*b + 150 = w. What is the remainder when 118 is divided by b?
28
Let u = -5054 + 5083. Calculate the remainder when 55 is divided by u.
26
Let k = 380 - 576. Let m = -150 - k. Let q(o) = -o**3 + 9*o**2 - 7*o. Calculate the remainder when m is divided by q(8).
6
Let z = 120 - 115. Suppose -z*g - 2*w = -121, 2*g - 27 = g + w. Let v(x) = -x**3 - 6*x**2 - x + 8. Calculate the remainder when g is divided by v(-6).
11
Let y(o) = -21*o + 4. Let r be 6/(-36) + (-2)/((-36)/(-15)). What is the remainder when 173 is divided by y(r)?
23
What is the remainder when (707 + 0)*(-608)/(-266) is divided by 181?
168
Suppose -199 = -4*a + 3*w + 86, a - 54 = -5*w. Let g = 217719 + -217710. What is the remainder when a is divided by g?
6
Suppose -8*c - 9 = -56 - 81. What is the remainder when 143 is divided by c?
15
Let g(n) = n**3 - 10*n**2 + 14*n - 11. Suppose 0 = -9*u - 22 + 220. Suppose -33 = 19*t - u*t. Calculate the remainder when g(10) is divided by t.
8
Suppose -4*c - 5*f - 293 = 0, 0 = -3*c - c + 2*f - 286. Let j = -39 - c. Calculate the remainder when 96 is divided by j.
30
Suppose -125*g = -10*g - 1840. What is the remainder when 495 is divided by g?
15
Suppose -3 = -5*z - 13. What is the remainder when 347 is divided by ((-30)/(-1 + z))/((-3)/(-15))?
47
Suppose -813 = -89*d + 1590. What is the remainder when 300 is divided by d?
3
Let n(g) = -g**3 + 8*g**2 - 15*g + 77. Calculate the remainder when 500 is divided by n(7).
17
Calculate the remainder when 5339 is divided by 37*3 - (-144 + 166).
88
What is the remainder when 792 is divided by ((-6)/(-8))/((-26)/52) - 1617/(-14)?
108
Suppose -4*k + 3 = -17, 5*k = -4*v + 4809. What is the remainder when v is divided by 155?
111
Suppose 2*i + 4*j + 192 = 0, 108 - 375 = 3*i - j. Let q = i - -80. Calculate the remainder when (5 + 1)/((q/45)/(-1)) is divided by 15.
12
Let s be 6/8 - (-18)/(-24) - -2. Suppose -m + 21 = 16, 4*l - s*m = 522. Calculate the remainder when l is divided by 68.
65
Let o(w) = 105*w + 952. What is the remainder when 186 is divided by o(-9)?
4
Let s = 109 + -199. Calculate the remainder when 93 is divided by (s/(-25))/((-15)/(-50)).
9
Let g(y) = y**3 + 42*y**2 - 45*y - 78. Let z be g(-43). Suppose 10*q - z*q = 46. Let r = -10 - -17. Calculate the remainder when q is divided by r.
2
Let l(i) = i**2 - 225*i + 679. What is the remainder when 1302 is divided by l(3)?
2
Suppose -34*c + 33*c = -340. Let s = -315 + c. What is the remainder when 87 is divided by s?
12
Let i = -713 + 712. Let u be 1 + -21 - (2 + 0). What is the remainder when 10/4*i*u is divided by 10?
5
Let q(d) = d**3 - 5*d**2 - 99*d + 30. Calculate the remainder when q(-7) is divided by 133.
2
Let l = -14001 + 16539. Calculate the remainder when l is divided by 10.
8
Let n(u) = -u**2 - 16*u - 48. Let i be n(-4). Suppose -12*f + 94 + 194 = i. What is the remainder when 164 is divided by f?
20
Let a(b) = b**3 - 26*b**2 + 16*b - 42. Calculate the remainder when a(26) is divided by 82.
46
Let u = -15500 + 15844. Calculate the remainder when u is divided by 91.
71
Let s(h) = -h**3 + 12*h**2 + 4*h - 2. What is the remainder when s(9) is divided by 16?
5
Suppose 3*y + 5*u - 72 = 0, -88*y + u = -90*y + 76. Suppose -2276 = -5*p + p. Calculate the remainder when p is divided by y.
41
Let r be (-2619)/((4 - 20/8) + -2). What is the remainder when (-14)/(-161) - r/(-69) is divided by 16?
12
Let o be -6 + 3 - -6 - 0. Suppose 0 = -o*k + 24 + 9. Calculate the remainder when 2*(4/24*45 - -3) is divided by k.
10
Let a(h) = 21*h - 44. Let d(k) = -6*k + 52. Let p be d(7). Calculate the remainder when a(p) is divided by 28.
26
Suppose -v - 20*v + 2604 = -0*v. Calculate the remainder when v is divided by 16.
12
Suppose -73*t - 5 = -68*t. Let y be t + (927/6)/((-5)/(-10)). Suppose 0 = 3*j - 4*k - 149, -k + y = 5*j + 52. What is the remainder when j is divided by 13?
12
Suppose -5*a = -a - 5*x + 90, -5*x + 30 = -a. Suppose -5*h = 4*n - 56 - 21, 2*h - 32 = -n. What is the remainder when 1848/(-49)*70/a is divided by h?
13
Let a(k) = -326*k**3 + 2*k**2 - 1. What is the remainder when a(-1) is divided by (62 - 16) + (-270)/75*(-5)/2?
52
Let h(f) be the third derivative of -85*f**4/24 + 5*f**3 - 29*f**2. Calculate the remainder when h(-2) is divided by 51.
47
Let u = 130 + -49. Suppose 0 = -g + 4*g - 5*s - 97, -3*g + u = 3*s. What is the remainder when 143 is divided by g?
27
Suppose 102*z + 85*z - 15165 = -150*z. What is the remainder when 1078 is divided by z?
43
Let z(s) be the third derivative of s**6/40 - s**5/10 - s**4/12 + 14*s**3/3 - 5*s**2 - 11*s. Calculate the remainder when z(4) is divided by 13.
12
Let p(n) = 9*n**3 - 2*n**2 - 12*n + 38. What is the remainder when 308 is divided by p(2)?
74
Let b(t) = 5*t**2 - 28*t - 203. Calculate the remainder when 3188 is divided by b(-6).
143
Let s(b) = b**2 - 7*b + 28. Let d be s(6). Suppose 95 - 249 = -d*l. Calculate the remainder when l is divided by 3.
1
Suppose -201*s + 2*y - 1876 = -204*s, 5*y + 20 = 0. What is the remainder when s is divided by 126?
124
Let p(g) = 2*g - 9. Let b be p(6). Calculate the remainder when -2 - (-8)/(b - 1) is divided by (27/(-3) + 2)/(189/(-27)).
0
Suppose 113*z + 448 = 129*z. Calculate the remainder when 447 is divided by z.
27
Suppose -y + 49 = 29. Calculate the remainder when 58 is divided by 32/y*(0 - 25/(-10)).
2
Suppose -m + 120 = 4*m. Suppose l - 8 + 4 = 0. Suppose -4*v - 5*h + 135 = -v, -l*h = 0. Calculate the remainder when v is divided by m.
21
Let d = 7386 - 6722. What is the remainder when d is divided by 67?
61
Let x(r) = 2*r**2 - 225*r + 377. What is the remainder when 10557 is divided by x(111)?
41
Suppose 0*g - 5*z = -g + 10, g + 4 = -2*z. Suppose g = -6*y - 6*y + 480. Calculate the remainder when y is divided by 14.
12
Suppose -40*z + 38*z = 2*h - 260, 2*h = 5*z - 671. What is the remainder when 6250 is divided by z?
132
Let o = 145 + -28. Let h = 41 - 28. Suppose -10*c - 60 = -h*c. Calculate the remainder when o is divided by c.
17
Let f(b) = 272*b - 2412. Calculate the remainder when 84 is divided by f(9).
12
Suppose 5*h = 2*q - 492, -2248 = -5*q + 2*h - 955. Calculate the remainder when q is divided by 37.
2
Let q = 24985 - 24826. Let i(u) be the first derivative of -10*u**2 - 2. Calculate the remainder when q is divided by i(-1).
19
Suppose -1293*x + 1281*x = -1032. What is the remainder when x is divided by 60?
26
Suppose -5*v - 4*j - 98 + 269 = 0, -5*v + 178 = -3*j. What is the remainder when 1011 is divided by v?
31
Let c = 43 - 39. Suppose 3*l + 0*l + 74 = 2*z, -c*z = -4. Let d = l - -34. What is the remainder when d is divided by 3?
1
Let h(j) = j**2 + j - 3. Let r be h(4). Suppose -8 = -4*w + 5*l - 0, -2*w = 3*l - 4. Suppose -r - 89 = -w*n. What is the remainder when n is divided by 14?
11
Suppose -795*o + 280 = -781*o. Suppose -235 - 110 = -3*h. What is the remainder when h is divided by o?
15
Suppose 4*o - 221 + 31 = -2*i, 4*i = -3*o + 150. What is the remainder when o is divided by (-4)/(-12 - -14)*(-13)/2?
7
Let j = 830 - 742. Calculate the remainder when j is divided by 50.
38
Let h = 10637 - 9774. What is the remainder when h is divided by 67?
59
Let t = -61 - -71. Let b be 48/20*(-15)/(-6). Suppose -b = u - 25. Calculate the remainder when u is divided by t.
9
Suppose d - 5115 = 4*h, 5*d - 25442 = -36*h + 37*h. What is the remainder when d is divided by 6?
5
Suppose -50*s - 332 = 25*s - 4307. Suppose -2*y - 46 = 166. What is the remainder when s is divided by (-2)/(-6) - y/6?
17
Suppose -4*j - 4*o + 439 = -261, 4*o = 4*j - 700. Let x(k) = -k**3 - 16*k**2 + 23*k + 412. What is the remainder when j is divided by x(-16)?
43
Let a(s) = -20*s**3 - 5*s**2 - 133*s - 1597. What is th